1)/(-1). Suppose -n = 5*h - 62. What are the prime factors of h?
2, 5
Let y be 2*-1*(-6)/4. Suppose -y*w = -2*w, 0 = m + 3*w - 9. List the prime factors of m.
3
Suppose 0 = o + 4*n + 13, -3*o - 3*n + 7 = 1. Suppose 5*f - o = -2*r - 0*f, 2*r + 3*f - 17 = 0. List the prime factors of r.
2
Suppose -s - 31 - 21 = 3*r, -r + 5*s = 28. Let d be (-28)/(-6)*r/3. Let b = d - -42. List the prime factors of b.
2, 7
Let h be 4/((-5)/((-10)/4)). Suppose h*w - 31 = 1. What are the prime factors of w?
2
Suppose 0 = -5*s + 3 - 8, 5*s = -5*r + 35. Let v = r - 6. Suppose 3*n - 2 = g + 1, 3*n - 39 = -v*g. What are the prime factors of g?
2, 3
Let q(z) = -z**3 - 2*z**2 + 4*z + 1. Let c be q(-3). List the prime factors of 3/(1/(-10)*c).
3, 5
Let b be (3/3)/1 + -3. Let s be (0 + -1)/(b/10). List the prime factors of 2 - (0 - s) - 2.
5
Suppose 4*l + h = -5, -8 = -0*l + 3*l + 5*h. Let y be 2/1*l/(-2). What are the prime factors of y - -1*7 - -1?
3
Suppose 29*y - 30*y + 73 = 0. What are the prime factors of y?
73
Suppose 0 = 2*v + 10, 3*p - 5*v - 7 = 24. Suppose p*h + 5*a - 3 = 35, -4*h + a = -54. List the prime factors of h.
2, 7
Suppose 4*s = 4*a - 36, 2*a = -0*a - 4*s + 48. What are the prime factors of 3/6 - a/(-4)?
2
Let y(s) = 7*s**2 - s - 1. What are the prime factors of y(2)?
5
Let i = 263 + 91. What are the prime factors of i?
2, 3, 59
Suppose 3*f + 0*f - 4*x = -20, 2*x - 10 = -3*f. Suppose 0 = 2*s - f*s - 8. What are the prime factors of s?
2
Let j be 3 + 0/(-1) + -2. What are the prime factors of j/(-1) - (-12 - 5)?
2
Let k(y) = y**3 + 9*y**2 + 3*y + 12. What are the prime factors of k(-8)?
2, 13
Let d be (0 - (-1)/(-3))*-9. Let f be (-2 + d)*1*-1. Let p = f + 10. List the prime factors of p.
3
Let l be 18 + 5/(5/(-2)). Let x = l - -9. List the prime factors of x.
5
Suppose -36 - 336 = -4*a. List the prime factors of a.
3, 31
Let i = -125 + 52. Let t = 102 + i. List the prime factors of t.
29
Let d be 3 + ((-9)/(-3))/(-3). Suppose -d*v + 14 = -v. What are the prime factors of v?
2, 7
Suppose 0 = -3*k + 3*c - 8*c - 71, 0 = 3*k - 5*c + 121. Let q = -23 - k. List the prime factors of q.
3
Suppose m = 3*w - 7, 0 = -w - 3*m + 2*m + 5. Let l(z) = -4 + 2*z**2 - 3*z**2 + 3*z + 2*z**2. List the prime factors of l(w).
2, 7
Suppose 1 + 8 = 3*k. Suppose k*m = 3*q - 24, q + 4*m = 2*q - 20. List the prime factors of q.
2
Suppose 3*j + 20 = -28. Let x = -2 - j. List the prime factors of x.
2, 7
Suppose 374 = 2*b - 0*b. List the prime factors of b.
11, 17
Let h(z) = z - 8. Let y be h(4). Suppose p - 2*r + 18 = 0, 0 = -5*p - 5*r - 45 + 15. List the prime factors of (24/15)/(y/p).
2
Let v = -5 - -10. Suppose 0 = -0*x - v*x - 3*u - 9, 3*u + 6 = -4*x. Let c(w) = -w + 4. What are the prime factors of c(x)?
7
Suppose 2*q = -2, -q = -4*c - 6*q + 11. What are the prime factors of c?
2
Let u(z) = 3*z**2 + 2*z - 1. Suppose 3*p = -5*g - 10, 5*p - 5*g - 14 = 36. Suppose -5*m + 0*o = 5*o + 5, m = p*o - 7. List the prime factors of u(m).
7
Suppose -5*q = 3*l - 846 - 48, 2*q - 5*l = 339. What are the prime factors of q?
3, 59
Let v(p) = -p**3 - 9*p**2 + 10*p + 14. What are the prime factors of v(-10)?
2, 7
Let s(x) = -3*x**3 - 16*x**2 - 19*x + 22. Let z(t) = -t**3 - 8*t**2 - 10*t + 11. Let v(y) = 2*s(y) - 5*z(y). List the prime factors of v(9).
2
List the prime factors of 1/(309/102 - 3).
2, 17
Suppose -h = -0*h. Suppose h = 2*b + s - 4*s - 9, -5*b = 5*s - 60. What are the prime factors of b?
3
Let q(s) be the first derivative of -s**4/4 + 7*s**3/3 - 7*s**2/2 - 2*s + 1. Let f = 12 + -7. List the prime factors of q(f).
13
Let m(r) = 2*r**2 - 7*r - 2. List the prime factors of m(6).
2, 7
What are the prime factors of 1*5/20 - 742/(-8)?
3, 31
Let c(n) = -4*n**2 + n + 1. Suppose -19 = 3*m - 4*y, 2*m = 2*y + y - 14. Let j be c(m). List the prime factors of 2/j + 5/2.
2
Let z(k) = 2*k**2 + k + 9. Let u be z(0). Suppose 4*f = -0*f. Let x = f + u. List the prime factors of x.
3
Let y = -3 - -15. Suppose -2*x + 13 = j - y, 0 = 3*x - j - 25. What are the prime factors of x?
2, 5
Let q(d) be the second derivative of -d**3/3 - 2*d**2 + 2*d. List the prime factors of q(-5).
2, 3
List the prime factors of 8/(-5*(-5)/450).
2, 3
Let c be 1*18/(-4)*-2. Let n = -7 + c. List the prime factors of (52/8)/(n/4).
13
Let n = -39 - -70. What are the prime factors of n?
31
Let i = 9 + -5. Suppose -f - i*f = -10. Let c = 1 + f. List the prime factors of c.
3
Suppose 35*z - 32*z = 204. List the prime factors of z.
2, 17
Let t be (3 + -7)*5/(-4). Suppose 5*c = -5*x + 270, t*c + 3*x = c + 211. Let i = c + -34. List the prime factors of i.
3, 5
Suppose 0 = 3*m + 2*h - 41 - 59, 4*m - 2*h - 152 = 0. Suppose -m = 5*n - 131. What are the prime factors of n?
19
Suppose 4*p + 4 = 5*x, -3*p + 2 = 5. Let l = 15 - 25. Let n = x - l. What are the prime factors of n?
2, 5
What are the prime factors of -2 - 192/(-3) - 3?
59
Suppose 0 = k - 6 - 0. Let n be (2/k)/(1/3). List the prime factors of (8 + -2)*2*n.
2, 3
List the prime factors of -1 - (-3)/2 - 62/(-4).
2
Let p be (1/(-2))/((-2)/12). Let i = 6 - p. Suppose -4*m + 13 = -i*m. What are the prime factors of m?
13
Suppose -d - 12 = 3*h, -13 = 4*d + 2*h + 5. Suppose 14 = -3*z - 4. Let r = d - z. What are the prime factors of r?
3
Suppose 0 = 5*w - 3*z - 18, 2*w + 5*z = -0*w + 1. Let r(j) = -4*j**w + 4*j - 5 + 3*j**3 + 4 + 2*j**2. What are the prime factors of r(3)?
2
Let o be 0*((-3)/(-9) - 0). Suppose -5*n + 2*s = -n - 36, o = s - 2. What are the prime factors of n?
2, 5
Let b be (-3)/9 + (-10)/(-3). Suppose 4*u + 3*a - 2*a - 73 = 0, 3*u + b*a = 57. What are the prime factors of u?
2, 3
Let d be (4/(-6))/((-4)/330). Suppose -d = -5*g + 65. What are the prime factors of g?
2, 3
Suppose 4*y + 29 = h, h = 2*h - 5*y - 30. List the prime factors of h.
5
Let d(l) = 3*l + 1. Suppose -b + 4*b - 3 = 0. Let i be d(b). Suppose v + 11 - 3 = 3*z, 0 = i*z - 16. What are the prime factors of v?
2
Let j(t) = -t**2 + 27*t + 17. List the prime factors of j(19).
13
Let n = 4 - 2. Suppose -6 = -2*g, -t + 10 = 3*t - n*g. List the prime factors of t.
2
Let b(p) = -p - 2. List the prime factors of b(-4).
2
Let k be 3/(-15) + (-301)/(-5). Suppose -3*j - 2*j + k = 0. List the prime factors of j.
2, 3
Let y(p) = -3*p. List the prime factors of y(-1).
3
Let k(w) = 14*w**2 - 6*w - 13. What are the prime factors of k(4)?
11, 17
Let z(o) = -o**3 + 7*o**2 + 2. Let y be z(7). Suppose y*q - 16 + 2 = 0. Let n = q - 3. What are the prime factors of n?
2
Suppose 14*s = 242 + 346. What are the prime factors of s?
2, 3, 7
Suppose 3 - 9 = -n. Suppose -h = -3*h + n. What are the prime factors of h?
3
Suppose 4*x - 2*x - 113 = -3*q, -255 = -5*x - 2*q. What are the prime factors of x?
7
Suppose q + 10 = 5*p, -13 - 18 = -2*p - 5*q. Suppose p*a - a - 28 = 0. List the prime factors of a.
2, 7
Suppose 5*q = -2*z + 326, q + 2*z + 2*z = 58. What are the prime factors of q?
2, 3, 11
Let l be ((-15)/6)/(2/4). Suppose -16 = -5*g + 2*g - 4*t, g - 2 = -2*t. Let a = l + g. List the prime factors of a.
7
Let h(b) = -b. Let o be 86/(-10) + (-10)/25. List the prime factors of h(o).
3
Let b(f) = f**3 - 4*f**2 - 6*f + 6. Let t be b(5). Let s = t - -4. List the prime factors of s.
5
Suppose 4*b - b - 3 = 0. List the prime factors of 14 - ((-4 - -2) + b).
3, 5
Let a = -182 - -394. List the prime factors of a.
2, 53
Let d(w) = w**3 + w**2 - w + 44. Let o be d(0). Suppose 4*x = -4*q + 52, -5*x + 2*q + o = -0*q. List the prime factors of x.
2, 5
Suppose -t + 0 = -42. List the prime factors of t.
2, 3, 7
Suppose -g = -2*j - 4, -9 = -2*g - 3*j + 6. Suppose 48 = -3*n - 36. List the prime factors of (n/6)/(g/(-9)).
7
Let c = -200 + 288. List the prime factors of c.
2, 11
Suppose -6 + 1 = -y. Let g(a) = -a**3 + 4*a**2 + 4*a + 2. Let v be g(5). Let f = v + y. What are the prime factors of f?
2
Let l = 113 - 51. Suppose l + 8 = 2*o. What are the prime factors of o?
5, 7
Let r(u) be the third derivative of -1/12*u**4 - 1/60*u**5 - 1/3*u**3 + 1/120*u**6 + 3*u**2 + 0*u + 0. List the prime factors of r(3).
2, 5
Suppose 20 = z - 0*z. Suppose -4*i - k + z = 0, k - 6*k = 0. What are the prime factors of i?
5
Let q = 181 - 124. List the prime factors of q.
3, 19
Let q(f) = 3*f + 6. Let m be q(-6). What are the prime factors of m/(-3)*(-4)/(-8)?
2
Let 